he prime factors of 2457?
3, 7, 13
What are the prime factors of 408?
2, 3, 17
What are the prime factors of 3326?
2, 1663
List the prime factors of 7227.
3, 11, 73
What are the prime factors of 532?
2, 7, 19
What are the prime factors of 1503?
3, 167
What are the prime factors of 9509?
37, 257
What are the prime factors of 48061?
13, 3697
What are the prime factors of 38119?
38119
List the prime factors of 4588.
2, 31, 37
What are the prime factors of 21938?
2, 7, 1567
List the prime factors of 64952.
2, 23, 353
List the prime factors of 4181.
37, 113
What are the prime factors of 1496?
2, 11, 17
What are the prime factors of 68?
2, 17
What are the prime factors of 44146?
2, 22073
List the prime factors of 1113.
3, 7, 53
What are the prime factors of 2996?
2, 7, 107
What are the prime factors of 14826?
2, 3, 7, 353
List the prime factors of 3047.
11, 277
List the prime factors of 3728.
2, 233
List the prime factors of 9970.
2, 5, 997
What are the prime factors of 5833?
19, 307
List the prime factors of 6004.
2, 19, 79
List the prime factors of 62739.
3, 6971
What are the prime factors of 2331?
3, 7, 37
List the prime factors of 122688.
2, 3, 71
What are the prime factors of 90362?
2, 45181
What are the prime factors of 1776?
2, 3, 37
List the prime factors of 2644.
2, 661
List the prime factors of 59041.
17, 23, 151
What are the prime factors of 6073?
6073
What are the prime factors of 762?
2, 3, 127
List the prime factors of 12873.
3, 7, 613
List the prime factors of 31646.
2, 15823
What are the prime factors of 2165?
5, 433
What are the prime factors of 31215?
3, 5, 2081
What are the prime factors of 56640?
2, 3, 5, 59
List the prime factors of 1138.
2, 569
List the prime factors of 3675.
3, 5, 7
List the prime factors of 90440.
2, 5, 7, 17, 19
What are the prime factors of 14909?
17, 877
What are the prime factors of 4034?
2, 2017
List the prime factors of 1342.
2, 11, 61
What are the prime factors of 3494?
2, 1747
What are the prime factors of 162?
2, 3
What are the prime factors of 39199?
39199
What are the prime factors of 49205?
5, 13, 757
What are the prime factors of 10193?
10193
List the prime factors of 2615.
5, 523
What are the prime factors of 53808?
2, 3, 19, 59
What are the prime factors of 173972?
2, 23, 31, 61
List the prime factors of 28648.
2, 3581
What are the prime factors of 4715?
5, 23, 41
List the prime factors of 1859.
11, 13
What are the prime factors of 19440?
2, 3, 5
What are the prime factors of 44292?
2, 3, 3691
What are the prime factors of 2582?
2, 1291
List the prime factors of 50529.
3, 16843
List the prime factors of 1448.
2, 181
List the prime factors of 13596.
2, 3, 11, 103
What are the prime factors of 3906?
2, 3, 7, 31
What are the prime factors of 6729?
3, 2243
What are the prime factors of 2687?
2687
List the prime factors of 5973.
3, 11, 181
What are the prime factors of 1474?
2, 11, 67
What are the prime factors of 892?
2, 223
List the prime factors of 4658.
2, 17, 137
List the prime factors of 526.
2, 263
List the prime factors of 4272.
2, 3, 89
List the prime factors of 71706.
2, 3, 17, 19, 37
List the prime factors of 2380.
2, 5, 7, 17
What are the prime factors of 21043?
11, 1913
List the prime factors of 527.
17, 31
List the prime factors of 7803.
3, 17
List the prime factors of 1046.
2, 523
What are the prime factors of 70446?
2, 3, 59, 199
What are the prime factors of 299?
13, 23
What are the prime factors of 59293?
13, 4561
List the prime factors of 385.
5, 7, 11
What are the prime factors of 346?
2, 173
List the prime factors of 6094.
2, 11, 277
List the prime factors of 23424.
2, 3, 61
List the prime factors of 16839.
3, 1871
List the prime factors of 16076.
2, 4019
List the prime factors of 1377.
3, 17
What are the prime factors of 2371?
2371
What are the prime factors of 8769?
3, 37, 79
What are the prime factors of 1014?
2, 3, 13
What are the prime factors of 365?
5, 73
List the prime factors of 4656.
2, 3, 97
What are the prime factors of 10816?
2, 13
List the prime factors of 4549.
4549
What are the prime factors of 527?
17, 31
List the prime factors of 3716.
2, 929
What are the prime factors of 2095?
5, 419
List the prime factors of 30188.
2, 7547
What are the prime factors of 3860?
2, 5, 193
What are the prime factors of 2181?
3, 727
List the prime factors of 14075.
5, 563
What are the prime factors of 46720?
2, 5, 73
List the prime factors of 1825.
5, 73
What are the prime factors of 1460?
2, 5, 73
What are the prime factors of 12195?
3, 5, 271
What are the prime factors of 41?
41
What are the prime factors of 5995?
5, 11, 109
What are the prime factors of 9903?
3, 3301
List the prime factors of 15810.
2, 3, 5, 17, 31
What are the prime factors of 24554?
2, 12277
What are the prime factors of 291?
3, 97
What are the prime factors of 60071?
11, 43, 127
List the prime factors of 3512.
2, 439
What are the prime factors of 14917?
7, 2131
What are the prime factors of 1381?
1381
List the prime factors of 5350.
2, 5, 107
List the prime factors of 27308.
2, 6827
What are the prime factors of 1294?
2, 647
What are the prime factors of 747?
3, 83
List the prime factors of 48447.
3, 7, 769
List the prime factors of 4554.
2, 3, 11, 23
What are the prime factors of 384?
2, 3
List the prime factors of 75171.
3, 25057
List the prime factors of 492.
2, 3, 41
List the prime factors of 38231.
38231
What are the prime factors of 38998?
2, 17, 31, 37
What are the prime factors of 47529?
3, 5281
List the prime factors of 100506.
2, 3, 7, 2393
List the prime factors of 61854.
2, 3, 13, 61
List the prime factors of 236.
2, 59
What are the prime factors of 130292?
2, 32573
List the prime factors of 61882.
2, 30941
What are the prime factors of 2533?
17, 149
What are the prime factors of 3281?
17, 193
What are the prime factors of 56646?
2, 3, 1049
List the prime factors of 5087.
5087
List the prime factors of 1945.
5, 389
List the prime factors of 24162.
2, 3, 4027
What are the prime factors of 274?
2, 137
What are the prime factors of 4629?
3, 1543
List the prime factors of 20210.
2, 5, 43, 47
What are the prime factors of 1413?
3, 157
What are the prime factors of 288?
2, 3
List the prime factors of 1779.
3, 593
List the prime factors of 4361.
7, 89
List the prime factors of 10827.
3, 401
List the prime factors of 104.
2, 13
List the prime factors of 7002.
2, 3, 389
What are the prime factors of 649?
11, 59
List the prime factors of 60140.
2, 5, 31, 97
List the prime factors of 160.
2, 5
List the prime factors of 2086.
2, 7, 149
List the prime factors of 535.
5, 107
List the prime factors of 1160.
2, 5, 29
List the prime factors of 33365.
5, 6673
What are the prime factors of 80832?
2, 3, 421
List the prime factors of 147.
3, 7
List the prime factors of 68800.
2, 5, 43
List the prime factors of 77804.
2, 53, 367
What are the prime factors of 5548?
2, 19, 73
List the prime factors of 16378.
2, 19, 431
List the prime factors of 320.
2, 5
List the prime factors of 1034.
2, 11, 47
What are the prime factors of 889?
7, 127
List the prime factors of 130819.
13, 29, 347
List the prime factors of 4174.
2, 2087
What are the prime factors of 1101?
3, 367
List the prime factors of 2133.
3, 79
List the prime factors of 2948.
2, 11, 67
List the prime factors of 48116.
2, 23, 523
What are the prime factors of 3180?
2, 3, 5, 53
What are the prime factors of 120430?
2, 5, 12043
List the prime factors of 3081.
3, 13, 79
What are the prime factors of 1901?
1901
List the prime factors of 389.
389
List the prime factors of 48611.
48611
List the prime factors of 4313.
19, 227
What are the prime factors of 1576?
2, 197
What are the prime factors of 31?
31
List the prime factors of 88943.
29, 3067
List the prime factors of 11326.
2, 7, 809
List the prime factors of 1711.
29, 59
List the prime factors of 38992.
2, 2437
What are the prime factors of 148261?
173, 857
What are the prime factors of 3968?
2, 31
List the prime factors of 333.
3, 37
What are the prime factors of 9206?
2, 4603
List the prime factors of 1930.
2, 5, 193
What are the prime factors of 426?
2, 3, 71
What are the prime factors of 73059?
3, 7, 71
List the prime factors of 21330.
2, 3, 5, 79
What are the prime factors of 3215?
5, 643
List the prime fact